{"id":191,"date":"2016-04-17T08:54:02","date_gmt":"2016-04-17T07:54:02","guid":{"rendered":"http:\/\/francis-berezne.net\/?page_id=191"},"modified":"2016-10-25T08:40:25","modified_gmt":"2016-10-25T06:40:25","slug":"textes-inedits","status":"publish","type":"page","link":"https:\/\/francis-berezne.net\/?page_id=191","title":{"rendered":"Textes in\u00e9dits"},"content":{"rendered":"<section id=\"builder-section-1460880119516\" class=\"builder-section builder-section-first builder-section-text builder-section-next-text builder-text-columns-3\" style=\"\">\n<div class=\"builder-section-content\">\n<div class=\"builder-text-column builder-text-column-1\" id=\"builder-section-1460880119516-column-1\">\n<div class=\"builder-text-content\">\n<h3><span style=\"color: #3366ff;\">Avertissement<\/span><\/h3>\n<p>Nous n&rsquo;avons pas trouv\u00e9 de traces d&rsquo;une \u00e9dition des textes regroup\u00e9s dans cette section.<\/p>\n<p>Si nous nous trompons, nous serons ravis de recueillir toutes les informations que vous nous fournirez.<\/p>\n<p>\u00a0<\/p>\n<\/p><\/div>\n<\/p><\/div>\n<div class=\"builder-text-column builder-text-column-2\" id=\"builder-section-1460880119516-column-2\">\n<div class=\"builder-text-content\">\n<h3>Textes sur l&rsquo;art et les artistes<\/h3>\n<p><a href=\"https:\/\/francis-berezne.net\/?p=195\">Sur Andy Warrol<\/a><\/p>\n<p><a href=\"https:\/\/francis-berezne.net\/?p=198\">Carmantrand par B\u00e9rezn\u00e9<\/a><\/p>\n<\/p><\/div>\n<\/p><\/div>\n<div class=\"builder-text-column builder-text-column-3\" id=\"builder-section-1460880119516-column-3\">\n<div class=\"builder-text-content\">\n<h3>Sur son travail<\/h3>\n<p><a href=\"https:\/\/francis-berezne.net\/?p=207\">J&rsquo;\u00e9cris dans une langue morte<\/a><\/p>\n<p><a href=\"https:\/\/francis-berezne.net\/?p=209\">Deux angles<\/a><\/p>\n<p><a href=\"https:\/\/francis-berezne.net\/?p=211\">Catalogue d\u00e9raisonn\u00e9<\/a><\/p>\n<p><a href=\"https:\/\/francis-berezne.net\/?p=213\">Catalogue d\u00e9raisonn\u00e9, m\u00e9moires de l&rsquo;hyst\u00e9rie<\/a><\/p>\n<p><a href=\"https:\/\/francis-berezne.net\/?p=216\">Sur l&rsquo;hyst\u00e9rie<\/a><\/p>\n<p><a href=\"https:\/\/francis-berezne.net\/?p=221\">Lettre \u00e0 Danielle Wallers<\/a><\/p>\n<p><a href=\"https:\/\/francis-berezne.net\/?p=224\">Intervention<\/a><\/p>\n<p><a href=\"https:\/\/francis-berezne.net\/?p=200\">Peintures<\/a><\/p>\n<\/p><\/div>\n<\/p><\/div>\n<\/p><\/div>\n<\/section>\n<section id=\"builder-section-1460880654414\" class=\"builder-section builder-section-prev-text builder-section-text builder-section-next-text builder-text-columns-3\" style=\"\">\n<div class=\"builder-section-content\">\n<div class=\"builder-text-column builder-text-column-1\" id=\"builder-section-1460880654414-column-1\">\n<div class=\"builder-text-content\">\n<h3>Sur son parcours<\/h3>\n<p><a href=\"https:\/\/francis-berezne.net\/?p=229\">Le schizo et les langues<\/a><\/p>\n<p><a href=\"https:\/\/francis-berezne.net\/?p=233\">Comment dire <\/a>(\u00e0 propos d&rsquo;<em>Anna cam\u00e9ra)<\/em><\/p>\n<p><a href=\"https:\/\/francis-berezne.net\/?p=235\">Visages -Vaysages<\/a><\/p>\n<p>\u00a0<\/p>\n<p>\u00a0<\/p>\n<\/p><\/div>\n<\/p><\/div>\n<div class=\"builder-text-column builder-text-column-2\" id=\"builder-section-1460880654414-column-2\">\n<div class=\"builder-text-content\">\n<div id=\"ja-main\">\n<div class=\"inner clearfix\">\n<div id=\"ja-contentwrap\" class=\"\">\n<div id=\"ja-content\" class=\"column\">\n<div id=\"ja-current-content\" class=\"column\">\n<div class=\"ja-content-main clearfix\">\n<div class=\"article-content\">\n<h3>Travaux universitaires<\/h3>\n<p>Le cursus de Francis est atypique.<\/p>\n<p>Jusqu\u2019en 1964, date \u00e0 laquelle il passe le bac, il suit une scolarit\u00e9 normale\u00a0: la maternelle rue Brochant, la communale rue Truffaut, dans le 17<sup>e<\/sup> arrondissement de Paris, puis le lyc\u00e9e \u00e0 Jacques Decour. C\u2019est un bon \u00e9l\u00e8ve. C\u2019est le temps aussi o\u00f9 il suit les cours de l\u2019Atelier des moins de 15 ans aux Arts d\u00e9coratifs de Paris.<\/p>\n<p>Apr\u00e8s 1964, il n\u2019obtient plus de dipl\u00f4me, m\u00eame s\u2019il est inscrit en Lettres modernes \u00e0 la facult\u00e9 de Nanterre de 1964 \u00e0 1968.<\/p>\n<p>En 1970, il passe de l\u2019autre c\u00f4t\u00e9 du bureau\u00a0: il enseigne comme assistant aux Beaux-Arts, jusqu&rsquo;au moment o\u00f9 il tombe malade.<\/p>\n<p>Son cursus universitaire ne reprend qu\u2019en 1988, \u00e0 la Sorbonne, en Lettres modernes. Il a 42 ans, et vient de subir une longue p\u00e9riode de maladie mentale, d\u2019internement, d\u2019errance, de gal\u00e8re. Entre 1988 et 1993, il effectue un parcours sans accident,\u00a0 sans interruption ni redoublement, m\u00eame s\u2019il n\u2019est pas un \u00e9tudiant particuli\u00e8rement brillant (une seule de ses unit\u00e9s de valeur obtient la mention \u00ab\u00a0tr\u00e8s bien\u00a0\u00bb)\u00a0: DEUG en 1988 et 1989, licence entre 1989 et 1991, ma\u00eetrise en 1992, et DEA en 1993. Il est aussi admissible \u00e0 l\u2019agr\u00e9gation d\u2019art plastiques, mais selon ses r\u00e9cits, il sabote son oral\u00a0: la perspective de passer son temps dans un coll\u00e8ge le fait reculer.<\/p>\n<h6>Les textes sont au format pdf<\/h6>\n<p><a href=\"https:\/\/francis-berezne.net\/?attachment_id=287\" target=\"_blank\">M\u00e9moire de ma\u00eetrise (1992)<\/a><\/p>\n<p><a href=\"https:\/\/francis-berezne.net\/?attachment_id=282\" target=\"_blank\">Dipl\u00f4me d&rsquo;\u00e9tudes approfondies (1993)<\/a><\/p>\n<p><a href=\"https:\/\/francis-berezne.net\/?attachment_id=283\" target=\"_blank\">Djinn ou les desseins de la grammaire<\/a><\/p>\n<p>Ce texte a \u00e9t\u00e9 retrouv\u00e9 sous la forme d&rsquo;une sortie d&rsquo;imprimante (\u00e0 aiguilles, donc ancienne) dans le fouillis de Francis \u00e0 Annoville. Il a tous les traits d&rsquo;un travail universitaire, mais rien n&rsquo;indique dans quel cadre il a \u00e9t\u00e9 r\u00e9dig\u00e9, ni si il a \u00e9t\u00e9 sanctionn\u00e9 par un dipl\u00f4me quelconque.<\/p>\n<\/div>\n<\/div>\n<\/div>\n<\/div>\n<\/div>\n<\/div>\n<\/div><\/div>\n<\/p><\/div>\n<div class=\"builder-text-column builder-text-column-3\" id=\"builder-section-1460880654414-column-3\">\n<div class=\"builder-text-content\">\n<h3>Textes de fiction<\/h3>\n<p><a href=\"https:\/\/francis-berezne.net\/?attachment_id=286\" target=\"_blank\">J&rsquo;aurais d\u00fb<\/a><\/p>\n<p><span style=\"color: #339966;\">Ce texte a \u00e9t\u00e9 retrouv\u00e9 sous la forme d&rsquo;une sortie d&rsquo;imprimante, non dat\u00e9e<\/span><\/p>\n<\/p><\/div>\n<\/p><\/div>\n<\/p><\/div>\n<\/section>\n<section id=\"builder-section-1460881062095\" class=\"builder-section builder-section-prev-text builder-section-text builder-section-last builder-text-columns-3\" style=\"\">\n<div class=\"builder-section-content\">\n<div class=\"builder-text-column builder-text-column-1\" id=\"builder-section-1460881062095-column-1\">\n\t\t\t\t\t\t\t\t\t\t\t\t\t\t<\/div>\n<div class=\"builder-text-column builder-text-column-2\" id=\"builder-section-1460881062095-column-2\">\n\t\t\t\t\t\t\t\t\t\t\t\t\t\t<\/div>\n<div class=\"builder-text-column builder-text-column-3\" id=\"builder-section-1460881062095-column-3\">\n\t\t\t\t\t\t\t\t\t\t\t\t\t\t<\/div>\n<\/p><\/div>\n<\/section>\n","protected":false},"excerpt":{"rendered":"<p>Avertissement Nous n&rsquo;avons pas trouv\u00e9 de traces d&rsquo;une \u00e9dition des textes regroup\u00e9s dans cette section. Si nous nous trompons, nous serons ravis de recueillir toutes les informations que vous nous fournirez. \u00a0 Textes sur l&rsquo;art et les artistes Sur Andy Warrol Carmantrand par B\u00e9rezn\u00e9 Sur son travail J&rsquo;\u00e9cris dans une langue morte Deux angles Catalogue &hellip;<\/p>\n","protected":false},"author":1,"featured_media":0,"parent":0,"menu_order":0,"comment_status":"closed","ping_status":"closed","template":"template-builder.php","meta":{"footnotes":""},"class_list":["post-191","page","type-page","status-publish","hentry"],"_links":{"self":[{"href":"https:\/\/francis-berezne.net\/index.php?rest_route=\/wp\/v2\/pages\/191","targetHints":{"allow":["GET"]}}],"collection":[{"href":"https:\/\/francis-berezne.net\/index.php?rest_route=\/wp\/v2\/pages"}],"about":[{"href":"https:\/\/francis-berezne.net\/index.php?rest_route=\/wp\/v2\/types\/page"}],"author":[{"embeddable":true,"href":"https:\/\/francis-berezne.net\/index.php?rest_route=\/wp\/v2\/users\/1"}],"replies":[{"embeddable":true,"href":"https:\/\/francis-berezne.net\/index.php?rest_route=%2Fwp%2Fv2%2Fcomments&post=191"}],"version-history":[{"count":16,"href":"https:\/\/francis-berezne.net\/index.php?rest_route=\/wp\/v2\/pages\/191\/revisions"}],"predecessor-version":[{"id":1032,"href":"https:\/\/francis-berezne.net\/index.php?rest_route=\/wp\/v2\/pages\/191\/revisions\/1032"}],"wp:attachment":[{"href":"https:\/\/francis-berezne.net\/index.php?rest_route=%2Fwp%2Fv2%2Fmedia&parent=191"}],"curies":[{"name":"wp","href":"https:\/\/api.w.org\/{rel}","templated":true}]}}

Textes inédits

<section id="builder-section-1460880119516" class="builder-section builder-section-first builder-section-text builder-section-next-text builder-text-columns-3" style="">
<div class="builder-section-content">
<div class="builder-text-column builder-text-column-1" id="builder-section-1460880119516-column-1">
<div class="builder-text-content">
<h3><span style="color: #3366ff;">Avertissement</span></h3>
<p>Nous n&rsquo;avons pas trouvé de traces d&rsquo;une édition des textes regroupés dans cette section.</p>
<p>Si nous nous trompons, nous serons ravis de recueillir toutes les informations que vous nous fournirez.</p>
<p> </p>
</p></div>
</p></div>
<div class="builder-text-column builder-text-column-2" id="builder-section-1460880119516-column-2">
<div class="builder-text-content">
<h3>Textes sur l&rsquo;art et les artistes</h3>
<p><a href="https://francis-berezne.net/?p=195">Sur Andy Warrol</a></p>
<p><a href="https://francis-berezne.net/?p=198">Carmantrand par Bérezné</a></p>
</p></div>
</p></div>
<div class="builder-text-column builder-text-column-3" id="builder-section-1460880119516-column-3">
<div class="builder-text-content">
<h3>Sur son travail</h3>
<p><a href="https://francis-berezne.net/?p=207">J&rsquo;écris dans une langue morte</a></p>
<p><a href="https://francis-berezne.net/?p=209">Deux angles</a></p>
<p><a href="https://francis-berezne.net/?p=211">Catalogue déraisonné</a></p>
<p><a href="https://francis-berezne.net/?p=213">Catalogue déraisonné, mémoires de l&rsquo;hystérie</a></p>
<p><a href="https://francis-berezne.net/?p=216">Sur l&rsquo;hystérie</a></p>
<p><a href="https://francis-berezne.net/?p=221">Lettre à Danielle Wallers</a></p>
<p><a href="https://francis-berezne.net/?p=224">Intervention</a></p>
<p><a href="https://francis-berezne.net/?p=200">Peintures</a></p>
</p></div>
</p></div>
</p></div>
</section>
<section id="builder-section-1460880654414" class="builder-section builder-section-prev-text builder-section-text builder-section-next-text builder-text-columns-3" style="">
<div class="builder-section-content">
<div class="builder-text-column builder-text-column-1" id="builder-section-1460880654414-column-1">
<div class="builder-text-content">
<h3>Sur son parcours</h3>
<p><a href="https://francis-berezne.net/?p=229">Le schizo et les langues</a></p>
<p><a href="https://francis-berezne.net/?p=233">Comment dire </a>(à propos d&rsquo;<em>Anna caméra)</em></p>
<p><a href="https://francis-berezne.net/?p=235">Visages -Vaysages</a></p>
<p> </p>
<p> </p>
</p></div>
</p></div>
<div class="builder-text-column builder-text-column-2" id="builder-section-1460880654414-column-2">
<div class="builder-text-content">
<div id="ja-main">
<div class="inner clearfix">
<div id="ja-contentwrap" class="">
<div id="ja-content" class="column">
<div id="ja-current-content" class="column">
<div class="ja-content-main clearfix">
<div class="article-content">
<h3>Travaux universitaires</h3>
<p>Le cursus de Francis est atypique.</p>
<p>Jusqu’en 1964, date à laquelle il passe le bac, il suit une scolarité normale : la maternelle rue Brochant, la communale rue Truffaut, dans le 17<sup>e</sup> arrondissement de Paris, puis le lycée à Jacques Decour. C’est un bon élève. C’est le temps aussi où il suit les cours de l’Atelier des moins de 15 ans aux Arts décoratifs de Paris.</p>
<p>Après 1964, il n’obtient plus de diplôme, même s’il est inscrit en Lettres modernes à la faculté de Nanterre de 1964 à 1968.</p>
<p>En 1970, il passe de l’autre côté du bureau : il enseigne comme assistant aux Beaux-Arts, jusqu&rsquo;au moment où il tombe malade.</p>
<p>Son cursus universitaire ne reprend qu’en 1988, à la Sorbonne, en Lettres modernes. Il a 42 ans, et vient de subir une longue période de maladie mentale, d’internement, d’errance, de galère. Entre 1988 et 1993, il effectue un parcours sans accident,  sans interruption ni redoublement, même s’il n’est pas un étudiant particulièrement brillant (une seule de ses unités de valeur obtient la mention « très bien ») : DEUG en 1988 et 1989, licence entre 1989 et 1991, maîtrise en 1992, et DEA en 1993. Il est aussi admissible à l’agrégation d’art plastiques, mais selon ses récits, il sabote son oral : la perspective de passer son temps dans un collège le fait reculer.</p>
<h6>Les textes sont au format pdf</h6>
<p><a href="https://francis-berezne.net/?attachment_id=287" target="_blank">Mémoire de maîtrise (1992)</a></p>
<p><a href="https://francis-berezne.net/?attachment_id=282" target="_blank">Diplôme d&rsquo;études approfondies (1993)</a></p>
<p><a href="https://francis-berezne.net/?attachment_id=283" target="_blank">Djinn ou les desseins de la grammaire</a></p>
<p>Ce texte a été retrouvé sous la forme d&rsquo;une sortie d&rsquo;imprimante (à aiguilles, donc ancienne) dans le fouillis de Francis à Annoville. Il a tous les traits d&rsquo;un travail universitaire, mais rien n&rsquo;indique dans quel cadre il a été rédigé, ni si il a été sanctionné par un diplôme quelconque.</p>
</div>
</div>
</div>
</div>
</div>
</div>
</div></div>
</p></div>
<div class="builder-text-column builder-text-column-3" id="builder-section-1460880654414-column-3">
<div class="builder-text-content">
<h3>Textes de fiction</h3>
<p><a href="https://francis-berezne.net/?attachment_id=286" target="_blank">J&rsquo;aurais dû</a></p>
<p><span style="color: #339966;">Ce texte a été retrouvé sous la forme d&rsquo;une sortie d&rsquo;imprimante, non datée</span></p>
</p></div>
</p></div>
</p></div>
</section>
<section id="builder-section-1460881062095" class="builder-section builder-section-prev-text builder-section-text builder-section-last builder-text-columns-3" style="">
<div class="builder-section-content">
<div class="builder-text-column builder-text-column-1" id="builder-section-1460881062095-column-1">
														</div>
<div class="builder-text-column builder-text-column-2" id="builder-section-1460881062095-column-2">
														</div>
<div class="builder-text-column builder-text-column-3" id="builder-section-1460881062095-column-3">
														</div>
</p></div>
</section>

<p>Avertissement Nous n&rsquo;avons pas trouvé de traces d&rsquo;une édition des textes regroupés dans cette section. Si nous nous trompons, nous serons ravis de recueillir toutes les informations que vous nous fournirez.   Textes sur l&rsquo;art et les artistes Sur Andy Warrol Carmantrand par Bérezné Sur son travail J&rsquo;écris dans une langue morte Deux angles Catalogue &hellip;</p>
