{"id":803,"date":"2016-06-07T15:47:07","date_gmt":"2016-06-07T13:47:07","guid":{"rendered":"http:\/\/francis-berezne.net\/?page_id=803"},"modified":"2016-06-08T09:38:59","modified_gmt":"2016-06-08T07:38:59","slug":"garlerie-jardin","status":"publish","type":"page","link":"https:\/\/francis-berezne.net\/?page_id=803","title":{"rendered":"Photos jardin"},"content":{"rendered":"<section id=\"builder-section-1465307618592\" class=\"builder-section builder-section-first builder-section-text builder-section-last builder-text-columns-1\" style=\"\">\n<div class=\"builder-section-content\">\n<div class=\"builder-text-column builder-text-column-1\" id=\"builder-section-1465307618592-column-1\">\n<div class=\"builder-text-content\">\n<h5><span style=\"color: #3366ff;\">La journ\u00e9e des jardins \u00e0 R\u00e9gn\u00e9ville-SUR-MER<\/span><\/h5>\n<div><\/div>\n<\/p><\/div>\n<\/p><\/div>\n<\/p><\/div>\n<\/section>\n","protected":false},"excerpt":{"rendered":"<p>La journ\u00e9e des jardins \u00e0 R\u00e9gn\u00e9ville-SUR-MER<\/p>\n","protected":false},"author":1,"featured_media":0,"parent":0,"menu_order":0,"comment_status":"closed","ping_status":"closed","template":"template-builder.php","meta":{"footnotes":""},"class_list":["post-803","page","type-page","status-publish","hentry"],"_links":{"self":[{"href":"https:\/\/francis-berezne.net\/index.php?rest_route=\/wp\/v2\/pages\/803","targetHints":{"allow":["GET"]}}],"collection":[{"href":"https:\/\/francis-berezne.net\/index.php?rest_route=\/wp\/v2\/pages"}],"about":[{"href":"https:\/\/francis-berezne.net\/index.php?rest_route=\/wp\/v2\/types\/page"}],"author":[{"embeddable":true,"href":"https:\/\/francis-berezne.net\/index.php?rest_route=\/wp\/v2\/users\/1"}],"replies":[{"embeddable":true,"href":"https:\/\/francis-berezne.net\/index.php?rest_route=%2Fwp%2Fv2%2Fcomments&post=803"}],"version-history":[{"count":2,"href":"https:\/\/francis-berezne.net\/index.php?rest_route=\/wp\/v2\/pages\/803\/revisions"}],"predecessor-version":[{"id":808,"href":"https:\/\/francis-berezne.net\/index.php?rest_route=\/wp\/v2\/pages\/803\/revisions\/808"}],"wp:attachment":[{"href":"https:\/\/francis-berezne.net\/index.php?rest_route=%2Fwp%2Fv2%2Fmedia&parent=803"}],"curies":[{"name":"wp","href":"https:\/\/api.w.org\/{rel}","templated":true}]}}